tors of 75264.
2, 3, 7
List the prime factors of 4333423.
4333423
What are the prime factors of 200674?
2, 269, 373
List the prime factors of 764806.
2, 7, 54629
What are the prime factors of 15384645?
3, 5, 29, 11789
List the prime factors of 5977.
43, 139
List the prime factors of 12688012.
2, 3172003
List the prime factors of 674044.
2, 7, 19, 181
What are the prime factors of 1304291?
17, 73, 1051
List the prime factors of 1644362.
2, 23, 35747
What are the prime factors of 958310?
2, 5, 61, 1571
List the prime factors of 453732.
2, 3, 37811
What are the prime factors of 676700?
2, 5, 67, 101
List the prime factors of 103034.
2, 51517
List the prime factors of 74130.
2, 3, 5, 7, 353
List the prime factors of 3802234.
2, 1901117
List the prime factors of 538835.
5, 11, 97, 101
What are the prime factors of 244799?
43, 5693
List the prime factors of 788931.
3, 11, 13, 613
What are the prime factors of 228160?
2, 5, 23, 31
List the prime factors of 6998455.
5, 1399691
List the prime factors of 898581.
3, 299527
What are the prime factors of 4457062?
2, 2228531
List the prime factors of 202400.
2, 5, 11, 23
List the prime factors of 418584.
2, 3, 107, 163
List the prime factors of 222556.
2, 55639
List the prime factors of 47801.
13, 3677
List the prime factors of 196739.
196739
What are the prime factors of 9674552?
2, 947, 1277
List the prime factors of 12954281.
47, 275623
List the prime factors of 11596523.
11596523
What are the prime factors of 20869029?
3, 359, 2153
What are the prime factors of 380704?
2, 11897
What are the prime factors of 4779305?
5, 181, 5281
What are the prime factors of 32803?
32803
What are the prime factors of 416138?
2, 19, 47, 233
List the prime factors of 75466.
2, 97, 389
List the prime factors of 4627334.
2, 2313667
List the prime factors of 6962575.
5, 278503
List the prime factors of 1877563.
157, 11959
What are the prime factors of 1153146?
2, 3, 192191
What are the prime factors of 571165?
5, 7, 16319
List the prime factors of 93639.
3, 7, 13
What are the prime factors of 3377369?
29, 116461
List the prime factors of 2577780.
2, 3, 5, 14321
List the prime factors of 312679.
312679
List the prime factors of 7908.
2, 3, 659
What are the prime factors of 9707911?
9707911
What are the prime factors of 21329?
7, 11, 277
What are the prime factors of 228285?
3, 5, 19, 89
What are the prime factors of 5923430?
2, 5, 592343
List the prime factors of 327500.
2, 5, 131
List the prime factors of 502419.
3, 223, 751
What are the prime factors of 340982?
2, 29, 5879
List the prime factors of 24639631.
577, 42703
List the prime factors of 678689.
11, 71, 79
List the prime factors of 1911520.
2, 5, 13, 919
List the prime factors of 18034030.
2, 5, 7, 241, 1069
What are the prime factors of 86878?
2, 11, 359
List the prime factors of 65789.
65789
What are the prime factors of 242143?
11, 22013
List the prime factors of 185681.
185681
List the prime factors of 16324954.
2, 53, 337, 457
What are the prime factors of 1049027?
7, 149861
What are the prime factors of 452371?
19, 29, 821
What are the prime factors of 178062?
2, 3, 59, 503
What are the prime factors of 209274?
2, 3, 13, 2683
What are the prime factors of 528763?
528763
List the prime factors of 259437.
3, 17, 5087
List the prime factors of 194827.
194827
What are the prime factors of 593764?
2, 79, 1879
What are the prime factors of 5209535?
5, 1041907
What are the prime factors of 28213271?
19, 233, 6373
List the prime factors of 24121701.
3, 227, 11807
What are the prime factors of 427298?
2, 213649
What are the prime factors of 6060306?
2, 3, 7, 313, 461
What are the prime factors of 226403?
29, 37, 211
List the prime factors of 116978.
2, 23, 2543
List the prime factors of 240884.
2, 7, 1229
List the prime factors of 31777.
43, 739
What are the prime factors of 253465?
5, 163, 311
List the prime factors of 2005648.
2, 125353
What are the prime factors of 14058708?
2, 3, 19, 197, 313
List the prime factors of 4320706.
2, 13, 137, 1213
List the prime factors of 1104890.
2, 5, 313, 353
List the prime factors of 289333.
11, 29, 907
List the prime factors of 4805190.
2, 3, 5, 13, 37
What are the prime factors of 1400774?
2, 700387
What are the prime factors of 1970838?
2, 3, 36497
What are the prime factors of 5999571?
3, 41, 71, 229
List the prime factors of 897476.
2, 89, 2521
List the prime factors of 222628.
2, 7, 7951
What are the prime factors of 11646285?
3, 5, 7, 110917
What are the prime factors of 760573?
11, 69143
List the prime factors of 3116021.
29, 107449
What are the prime factors of 564703?
564703
List the prime factors of 9744899.
29, 336031
List the prime factors of 123977.
7, 89, 199
List the prime factors of 118087.
263, 449
What are the prime factors of 869825?
5, 11, 3163
What are the prime factors of 241128?
2, 3, 17, 197
What are the prime factors of 455994?
2, 3, 7, 11, 47
List the prime factors of 312266.
2, 43, 3631
List the prime factors of 12887948.
2, 29, 111103
What are the prime factors of 233950?
2, 5, 4679
What are the prime factors of 4260838?
2, 167, 12757
List the prime factors of 66671.
11, 19, 29
List the prime factors of 108732.
2, 3, 13, 17, 41
What are the prime factors of 32343192?
2, 3, 7, 21391
What are the prime factors of 11396468?
2, 31, 73, 1259
List the prime factors of 651302.
2, 89, 3659
List the prime factors of 5807475.
3, 5, 53, 487
List the prime factors of 162878.
2, 81439
List the prime factors of 122671.
61, 2011
What are the prime factors of 2279809?
7, 67, 4861
List the prime factors of 525548.
2, 37, 53, 67
List the prime factors of 118063.
11, 10733
List the prime factors of 444743.
13, 34211
What are the prime factors of 1810954?
2, 905477
List the prime factors of 351716.
2, 23, 3823
What are the prime factors of 30834?
2, 3, 571
List the prime factors of 3427438.
2, 7, 17, 14401
What are the prime factors of 10619354?
2, 179, 29663
What are the prime factors of 6093085?
5, 1218617
What are the prime factors of 171357?
3, 57119
List the prime factors of 611441.
611441
List the prime factors of 36490315.
5, 1069, 6827
List the prime factors of 10148863.
311, 32633
List the prime factors of 1561696.
2, 37, 1319
List the prime factors of 431273.
17, 23, 1103
What are the prime factors of 4566169?
4566169
List the prime factors of 707183.
17, 2447
What are the prime factors of 412623?
3, 19, 127
What are the prime factors of 1075607?
13, 17, 31, 157
List the prime factors of 1580520.
2, 3, 5, 13171
What are the prime factors of 334081?
11, 251
List the prime factors of 160760.
2, 5, 4019
List the prime factors of 242710.
2, 5, 13, 1867
List the prime factors of 114928.
2, 11, 653
What are the prime factors of 8358983?
8358983
List the prime factors of 681831.
3, 25253
What are the prime factors of 1793663?
1793663
List the prime factors of 47598.
2, 3, 7933
What are the prime factors of 2613643?
37, 70639
List the prime factors of 8269496.
2, 1033687
List the prime factors of 2010697.
13, 154669
List the prime factors of 452996.
2, 269, 421
What are the prime factors of 91472?
2, 5717
List the prime factors of 7552833.
3, 2517611
List the prime factors of 11122913.
17, 83, 7883
List the prime factors of 191047.
191047
List the prime factors of 305978.
2, 152989
List the prime factors of 1129814.
2, 7, 80701
List the prime factors of 669889.
11, 60899
List the prime factors of 1533982.
2, 43, 17837
What are the prime factors of 121106?
2, 19, 3187
What are the prime factors of 3826420?
2, 5, 13, 14717
List the prime factors of 1964607.
3, 131, 4999
What are the prime factors of 240968?
2, 7, 13, 331
What are the prime factors of 30184514?
2, 31, 71, 6857
What are the prime factors of 28897?
11, 37, 71
List the prime factors of 5987116.
2, 1496779
List the prime factors of 236382.
2, 3, 39397
List the prime factors of 3114374.
2, 59, 26393
List the prime factors of 283115.
5, 7, 8089
What are the prime factors of 110738?
2, 17, 3257
List the prime factors of 3590676.
2, 3, 33247
What are the prime factors of 283461?
3, 19, 4973
List the prime factors of 13855698.
2, 3, 31, 89
List the prime factors of 6510716.
2, 43, 37853
What are the prime factors of 2461388?
2, 37, 16631
What are the prime fact